{"id":95,"date":"2018-04-13T16:25:24","date_gmt":"2018-04-13T14:25:24","guid":{"rendered":"http:\/\/petra-bartoli.de\/?page_id=95"},"modified":"2026-03-18T10:45:04","modified_gmt":"2026-03-18T09:45:04","slug":"lesung","status":"publish","type":"page","link":"https:\/\/petra-bartoli.de\/index.php\/lesung\/","title":{"rendered":"Lesung"},"content":{"rendered":"<div><strong>Eine Lesung \u2013 das bedeutet: Eine Autorin zum Anfassen. \ud83d\ude42<\/strong><\/div>\n<div>Ich komme gerne an Ihre Schule, in Ihre B\u00fccherei oder Buchhandlung oder zu Ihrem Literaturfest. Lesungsanfragen und Informationen gerne \u00fcber mein <a href=\"https:\/\/petra-bartoli.de\/index.php\/impressum-datenschutz\/\">Kontaktformular<\/a>.<\/div>\n<div>\u00a0<\/div>\n<div>\n<p style=\"margin-bottom: 18.0pt;\"><span style=\"color: revert; font-family: var(--wp--preset--font-family--source-serif-pro); font-size: var(--wp--custom--typography--font-size--gigantic); background-color: var(--wp--preset--color--background);\">Aktuelle Lesungstermine:<\/span><\/p>\n<p><strong>24. April 2026 in Amberg:<\/strong> Lesung in der Stadtb\u00fccherei aus &#8220;Reden wir \u00fcbers Sterben&#8221;. Weitere Infos <a href=\"https:\/\/www.keb-amberg-sulzbach.de\/kooperations-partner\/hospizverein\/details\/2-29568-reden-wir-uebers-sterben\/\" target=\"_blank\" rel=\"noopener\">hier<\/a>.\u00a0<\/p>\n<\/div>\n<p><strong>15. Oktober 2026, 19:00 Uhr bei B\u00fccher Pustet in Straubing:<\/strong> Lesung aus &#8220;Reden wir \u00fcbers Sterben&#8221;. Weitere Infos demn\u00e4chst.<\/p>\n<p><strong>11. November 2026, 10:30 Uhr in der Stadtb\u00fccherei Regensburg:<\/strong> Lesung aus &#8220;Reden wir \u00fcbers Sterben&#8221; f\u00fcr die Aktion &#8220;In alter Frische&#8221;.<\/p>\n<p>\u00a0<\/p>\n<div>\n<p><strong>Schullesungen 2025\/2026:<\/strong><\/p>\n<p>Bogen * Nittenau * Winklarn * Teunz * Dietfurt * Kelheim * Amberg * Landshut * Sulzbach-Rosenberg * M\u00fcnchen * Straubing * Regensburg * Kamenz * Patersdorf * T\u00f6ging am Inn * Luhe-Wildenau * Weiden * Gro\u00dfberg * Wiesenfeld * Karlburg * Etzenricht<\/p>\n<p>\u00a0<\/p>\n<p style=\"margin-bottom: 18.0pt;\"><span style=\"color: revert; font-family: var(--wp--preset--font-family--source-serif-pro); font-size: var(--wp--custom--typography--font-size--gigantic); background-color: var(--wp--preset--color--background);\">Lesungsangebote<\/span><\/p>\n<\/div>\n\n\n<div class=\"wp-block-columns is-layout-flex wp-container-core-columns-is-layout-28f84493 wp-block-columns-is-layout-flex\">\n<div class=\"wp-block-column is-layout-flow wp-block-column-is-layout-flow\"><\/div>\n\n\n\n<div class=\"wp-block-column is-layout-flow wp-block-column-is-layout-flow\"><\/div>\n<\/div>\n\n\n\n<div class=\"wp-block-group is-layout-flow wp-block-group-is-layout-flow\">\n<div class=\"wp-block-group is-layout-flow wp-block-group-is-layout-flow\">\n<p>Ich lese f\u00fcr unterschiedliche Altersgruppen aus diesen B\u00fcchern:<\/p>\n\n\n\n<p><strong>f\u00fcr Erwachsene<\/strong><\/p>\n\n\n\n<p>\u2022 Reden wir \u00fcbers Sterben. Was ich auf dem M\u00fcnchner Jakobsweg \u00fcber Leben und Tod gelernt habe (Volk Verlag)<\/p>\n\n\n\n<p>\u2022 In den Bergen findest du zu dir \u2013 Was wir beim Wandern \u00fcber Resilienz lernen (K\u00f6sel Verlag) <\/p>\n\n\n\n<p><strong>f\u00fcr Klasse 1 und 2 &nbsp;<\/strong> &nbsp;<\/p>\n\n\n\n<p>\u2022 Schrecklich sch\u00f6ne Ferien (DUDEN Leseprofi)<\/p>\n\n\n\n<p>\u2022 Die besten Freundin der Welt (DUDEN Leseprofi)<\/p>\n\n\n\n<p>\u2022 Tierische Detektivgeschichten (DUDEN Leseprofi)<\/p>\n\n\n\n<p><strong>f\u00fcr Klasse 3 und 4<\/strong><\/p>\n\n\n\n<p>\u2022 Das traust du dich nie, Jona (Verlag an der Ruhr)<\/p>\n\n\n\n<p>\u2022 Alex ist einfach anders (Verlag an der Ruhr)&nbsp; &nbsp; &nbsp;<\/p>\n\n\n\n<p><strong>ab Klasse <\/strong>7<\/p>\n\n\n\n<p>\u2022 Hinter den Sternen ganz nah (S\u00fcdpol Verlag) <\/p>\n\n\n\n<p>\u2022 K.L.A.R. Storys (Verlag an der Ruhr)<\/p>\n\n\n\n<p><\/p>\n<\/div>\n<\/div>\n\n\n\n<p><\/p>\n","protected":false},"excerpt":{"rendered":"<p>Eine Lesung \u2013 das bedeutet: Eine Autorin zum Anfassen. \ud83d\ude42 Ich komme gerne an Ihre Schule, in Ihre B\u00fccherei oder Buchhandlung oder zu Ihrem Literaturfest. Lesungsanfragen und Informationen gerne \u00fcber mein Kontaktformular. \u00a0 Aktuelle Lesungstermine: 24. April 2026 in Amberg: Lesung in der Stadtb\u00fccherei aus &#8220;Reden wir \u00fcbers Sterben&#8221;. Weitere Infos hier.\u00a0 15. Oktober 2026, [&hellip;]<\/p>\n","protected":false},"author":1,"featured_media":184,"parent":0,"menu_order":4,"comment_status":"closed","ping_status":"closed","template":"","meta":{"footnotes":""},"class_list":["post-95","page","type-page","status-publish","has-post-thumbnail","hentry"],"_links":{"self":[{"href":"https:\/\/petra-bartoli.de\/index.php\/wp-json\/wp\/v2\/pages\/95","targetHints":{"allow":["GET"]}}],"collection":[{"href":"https:\/\/petra-bartoli.de\/index.php\/wp-json\/wp\/v2\/pages"}],"about":[{"href":"https:\/\/petra-bartoli.de\/index.php\/wp-json\/wp\/v2\/types\/page"}],"author":[{"embeddable":true,"href":"https:\/\/petra-bartoli.de\/index.php\/wp-json\/wp\/v2\/users\/1"}],"replies":[{"embeddable":true,"href":"https:\/\/petra-bartoli.de\/index.php\/wp-json\/wp\/v2\/comments?post=95"}],"version-history":[{"count":50,"href":"https:\/\/petra-bartoli.de\/index.php\/wp-json\/wp\/v2\/pages\/95\/revisions"}],"predecessor-version":[{"id":1143,"href":"https:\/\/petra-bartoli.de\/index.php\/wp-json\/wp\/v2\/pages\/95\/revisions\/1143"}],"wp:featuredmedia":[{"embeddable":true,"href":"https:\/\/petra-bartoli.de\/index.php\/wp-json\/wp\/v2\/media\/184"}],"wp:attachment":[{"href":"https:\/\/petra-bartoli.de\/index.php\/wp-json\/wp\/v2\/media?parent=95"}],"curies":[{"name":"wp","href":"https:\/\/api.w.org\/{rel}","templated":true}]}}

<div><strong>Eine Lesung – das bedeutet: Eine Autorin zum Anfassen. 🙂</strong></div>
<div>Ich komme gerne an Ihre Schule, in Ihre Bücherei oder Buchhandlung oder zu Ihrem Literaturfest. Lesungsanfragen und Informationen gerne über mein <a href="https://petra-bartoli.de/index.php/impressum-datenschutz/">Kontaktformular</a>.</div>
<div> </div>
<div>
<p style="margin-bottom: 18.0pt;"><span style="color: revert; font-family: var(--wp--preset--font-family--source-serif-pro); font-size: var(--wp--custom--typography--font-size--gigantic); background-color: var(--wp--preset--color--background);">Aktuelle Lesungstermine:</span></p>
<p><strong>24. April 2026 in Amberg:</strong> Lesung in der Stadtbücherei aus &#8220;Reden wir übers Sterben&#8221;. Weitere Infos <a href="https://www.keb-amberg-sulzbach.de/kooperations-partner/hospizverein/details/2-29568-reden-wir-uebers-sterben/" target="_blank" rel="noopener">hier</a>. </p>
</div>
<p><strong>15. Oktober 2026, 19:00 Uhr bei Bücher Pustet in Straubing:</strong> Lesung aus &#8220;Reden wir übers Sterben&#8221;. Weitere Infos demnächst.</p>
<p><strong>11. November 2026, 10:30 Uhr in der Stadtbücherei Regensburg:</strong> Lesung aus &#8220;Reden wir übers Sterben&#8221; für die Aktion &#8220;In alter Frische&#8221;.</p>
<p> </p>
<div>
<p><strong>Schullesungen 2025/2026:</strong></p>
<p>Bogen * Nittenau * Winklarn * Teunz * Dietfurt * Kelheim * Amberg * Landshut * Sulzbach-Rosenberg * München * Straubing * Regensburg * Kamenz * Patersdorf * Töging am Inn * Luhe-Wildenau * Weiden * Großberg * Wiesenfeld * Karlburg * Etzenricht</p>
<p> </p>
<p style="margin-bottom: 18.0pt;"><span style="color: revert; font-family: var(--wp--preset--font-family--source-serif-pro); font-size: var(--wp--custom--typography--font-size--gigantic); background-color: var(--wp--preset--color--background);">Lesungsangebote</span></p>
</div>


<div class="wp-block-columns is-layout-flex wp-container-core-columns-is-layout-28f84493 wp-block-columns-is-layout-flex">
<div class="wp-block-column is-layout-flow wp-block-column-is-layout-flow"></div>



<div class="wp-block-column is-layout-flow wp-block-column-is-layout-flow"></div>
</div>



<div class="wp-block-group is-layout-flow wp-block-group-is-layout-flow">
<div class="wp-block-group is-layout-flow wp-block-group-is-layout-flow">
<p>Ich lese für unterschiedliche Altersgruppen aus diesen Büchern:</p>



<p><strong>für Erwachsene</strong></p>



<p>• Reden wir übers Sterben. Was ich auf dem Münchner Jakobsweg über Leben und Tod gelernt habe (Volk Verlag)</p>



<p>• In den Bergen findest du zu dir – Was wir beim Wandern über Resilienz lernen (Kösel Verlag) </p>



<p><strong>für Klasse 1 und 2 &nbsp;</strong> &nbsp;</p>



<p>• Schrecklich schöne Ferien (DUDEN Leseprofi)</p>



<p>• Die besten Freundin der Welt (DUDEN Leseprofi)</p>



<p>• Tierische Detektivgeschichten (DUDEN Leseprofi)</p>



<p><strong>für Klasse 3 und 4</strong></p>



<p>• Das traust du dich nie, Jona (Verlag an der Ruhr)</p>



<p>• Alex ist einfach anders (Verlag an der Ruhr)&nbsp; &nbsp; &nbsp;</p>



<p><strong>ab Klasse </strong>7</p>



<p>• Hinter den Sternen ganz nah (Südpol Verlag) </p>



<p>• K.L.A.R. Storys (Verlag an der Ruhr)</p>



<p></p>
</div>
</div>



<p></p>

<p>Eine Lesung – das bedeutet: Eine Autorin zum Anfassen. 🙂 Ich komme gerne an Ihre Schule, in Ihre Bücherei oder Buchhandlung oder zu Ihrem Literaturfest. Lesungsanfragen und Informationen gerne über mein Kontaktformular.   Aktuelle Lesungstermine: 24. April 2026 in Amberg: Lesung in der Stadtbücherei aus &#8220;Reden wir übers Sterben&#8221;. Weitere Infos hier.  15. Oktober 2026, [&hellip;]</p>
