{"id":2,"date":"2018-04-11T17:39:46","date_gmt":"2018-04-11T15:39:46","guid":{"rendered":"http:\/\/petra-bartoli.de\/?page_id=2"},"modified":"2026-03-25T17:22:05","modified_gmt":"2026-03-25T16:22:05","slug":"beispiel-seite","status":"publish","type":"page","link":"https:\/\/petra-bartoli.de\/","title":{"rendered":"Hallo"},"content":{"rendered":"\n<h1 class=\"wp-block-heading\">Herzlich willkommen!<\/h1>\n\n\n\n<p>Sch\u00f6n, dass Ihr hier bei Petra Bartoli y Eckert vorbeischaut.<\/p>\n\n\n\n<p>Auf der Seite k\u00f6nnt Ihr allerlei \u00fcber Wutdrachen und entf\u00fchrte Gummib\u00e4rchen, ziemlich fiese Mutproben und noch jede Menge andere Geschichten entdecken. Doch nicht nur alles \u00fcber interessante B\u00fccher findet Ihr hier \u2013 sondern auch Antworten auf Fragen, die Ihr vielleicht einer Schriftstellerin immer schon mal stellen wolltet.<\/p>\n\n\n\n<p><strong>Viel Freude beim Schm\u00f6kern!<\/strong><\/p>\n\n\n\n<p>Eure Petra Bartoli y Eckert<\/p>\n\n\n\n<figure class=\"wp-block-image\"><img loading=\"lazy\" decoding=\"async\" width=\"300\" height=\"300\" src=\"https:\/\/petra-bartoli.de\/wp-content\/uploads\/2022\/08\/Homepage-Profilbild-2022-300x300.jpg\" alt=\"\" class=\"wp-image-925\" srcset=\"https:\/\/petra-bartoli.de\/wp-content\/uploads\/2022\/08\/Homepage-Profilbild-2022-300x300.jpg 300w, https:\/\/petra-bartoli.de\/wp-content\/uploads\/2022\/08\/Homepage-Profilbild-2022-1024x1024.jpg 1024w, https:\/\/petra-bartoli.de\/wp-content\/uploads\/2022\/08\/Homepage-Profilbild-2022-150x150.jpg 150w, https:\/\/petra-bartoli.de\/wp-content\/uploads\/2022\/08\/Homepage-Profilbild-2022-768x768.jpg 768w, https:\/\/petra-bartoli.de\/wp-content\/uploads\/2022\/08\/Homepage-Profilbild-2022-1536x1536.jpg 1536w, https:\/\/petra-bartoli.de\/wp-content\/uploads\/2022\/08\/Homepage-Profilbild-2022-2048x2048.jpg 2048w, https:\/\/petra-bartoli.de\/wp-content\/uploads\/2022\/08\/Homepage-Profilbild-2022-100x100.jpg 100w\" sizes=\"auto, (max-width: 300px) 100vw, 300px\" \/><\/figure>\n\n\n\n<p>P.S.: Eine Autorenseite von Petra Bartoli y Eckert gibt es \u00fcbrigens auch auf <a href=\"https:\/\/www.instagram.com\/petra.bartoli\/\">Instagram<\/a> und\u00a0<a href=\"https:\/\/de-de.facebook.com\/PetraBartoliYEckert\"> Facebook<\/a>.<\/p>\n\n\n\n<p><\/p>\n\n\n\n<p>Ich werde vertreten von der <a href=\"https:\/\/agentur-heindl.com\/\" target=\"_blank\" rel=\"noreferrer noopener\">Literaturagentur Conny Heindl<\/a>. <\/p>\n\n\n\n<h3 class=\"wp-block-heading\">&nbsp;<\/h3>\n\n\n\n<h3 class=\"wp-block-heading\">AKTUELLES<\/h3>\n\n\n\n<figure class=\"wp-block-table aligncenter\"><table class=\"has-fixed-layout\"><tbody><tr><td>PODCAST: <a href=\"https:\/\/linktr.ee\/bayern.kurios_\" target=\"_blank\" rel=\"noreferrer noopener\">Bayern kurios<\/a><br>Erstaunliches, Verbl\u00fcffendes und andere Kuriosit\u00e4ten rund um Bayern. Erscheint 1x monatlich.<\/td><td><a href=\"https:\/\/www.instagram.com\/bayern.kurios\/\" target=\"_blank\" rel=\"noreferrer noopener\"><img loading=\"lazy\" decoding=\"async\" width=\"150\" height=\"150\" class=\"wp-image-1055\" style=\"width: 150px;\" src=\"https:\/\/petra-bartoli.de\/wp-content\/uploads\/2024\/11\/241106_bayern-kurios_podcast-cover_1400x1400px_RZ.jpg\" alt=\"\" srcset=\"https:\/\/petra-bartoli.de\/wp-content\/uploads\/2024\/11\/241106_bayern-kurios_podcast-cover_1400x1400px_RZ.jpg 1400w, https:\/\/petra-bartoli.de\/wp-content\/uploads\/2024\/11\/241106_bayern-kurios_podcast-cover_1400x1400px_RZ-300x300.jpg 300w, https:\/\/petra-bartoli.de\/wp-content\/uploads\/2024\/11\/241106_bayern-kurios_podcast-cover_1400x1400px_RZ-1024x1024.jpg 1024w, https:\/\/petra-bartoli.de\/wp-content\/uploads\/2024\/11\/241106_bayern-kurios_podcast-cover_1400x1400px_RZ-150x150.jpg 150w, https:\/\/petra-bartoli.de\/wp-content\/uploads\/2024\/11\/241106_bayern-kurios_podcast-cover_1400x1400px_RZ-768x768.jpg 768w\" sizes=\"auto, (max-width: 150px) 100vw, 150px\" \/><\/a><\/td><\/tr><tr><td>AUSGEZEICHNET! Jugendbuchpreis<br>Ich freue mich sehr, dass mein Jugendbuch &#8220;Hinter den Sternen ganz nah&#8221; im Oktober 2024 mit dem Leserpreis des Buchsommers Sachsen ausgezeichnet wurde!<\/td><td><img loading=\"lazy\" decoding=\"async\" width=\"150\" height=\"223\" class=\"wp-image-1049\" style=\"width: 150px;\" src=\"https:\/\/petra-bartoli.de\/wp-content\/uploads\/2024\/08\/Buchsommer-Sachsen.jpg\" alt=\"\" srcset=\"https:\/\/petra-bartoli.de\/wp-content\/uploads\/2024\/08\/Buchsommer-Sachsen.jpg 1125w, https:\/\/petra-bartoli.de\/wp-content\/uploads\/2024\/08\/Buchsommer-Sachsen-201x300.jpg 201w, https:\/\/petra-bartoli.de\/wp-content\/uploads\/2024\/08\/Buchsommer-Sachsen-687x1024.jpg 687w, https:\/\/petra-bartoli.de\/wp-content\/uploads\/2024\/08\/Buchsommer-Sachsen-768x1144.jpg 768w, https:\/\/petra-bartoli.de\/wp-content\/uploads\/2024\/08\/Buchsommer-Sachsen-1031x1536.jpg 1031w\" sizes=\"auto, (max-width: 150px) 100vw, 150px\" \/><\/td><\/tr><tr><td>SACHBUCH: (Herbst 2024)<br><a href=\"https:\/\/shop.autorenwelt.de\/products\/reden-wir-ubers-sterben-von-petra-bartoli-y-eckert-und-petra-bartoli-y-eckert?variant=48864259735877\">Reden wir \u00fcbers Sterben<\/a> \u2013 Was ich auf dem M\u00fcnchner Jakobsweg \u00fcber Leben und Tod gelernt habe<\/td><td><img loading=\"lazy\" decoding=\"async\" width=\"150\" height=\"230\" class=\"wp-image-1044\" style=\"width: 150px;\" src=\"https:\/\/petra-bartoli.de\/wp-content\/uploads\/2024\/08\/Cover_Reden-wir-uebers-Sterben.png\" alt=\"\" srcset=\"https:\/\/petra-bartoli.de\/wp-content\/uploads\/2024\/08\/Cover_Reden-wir-uebers-Sterben.png 518w, https:\/\/petra-bartoli.de\/wp-content\/uploads\/2024\/08\/Cover_Reden-wir-uebers-Sterben-196x300.png 196w\" sizes=\"auto, (max-width: 150px) 100vw, 150px\" \/><\/td><\/tr><\/tbody><\/table><\/figure>\n\n\n\n<p><\/p>\n","protected":false},"excerpt":{"rendered":"<p>Herzlich willkommen! Sch\u00f6n, dass Ihr hier bei Petra Bartoli y Eckert vorbeischaut. Auf der Seite k\u00f6nnt Ihr allerlei \u00fcber Wutdrachen und entf\u00fchrte Gummib\u00e4rchen, ziemlich fiese Mutproben und noch jede Menge andere Geschichten entdecken. Doch nicht nur alles \u00fcber interessante B\u00fccher findet Ihr hier \u2013 sondern auch Antworten auf Fragen, die Ihr vielleicht einer Schriftstellerin immer [&hellip;]<\/p>\n","protected":false},"author":1,"featured_media":0,"parent":0,"menu_order":1,"comment_status":"closed","ping_status":"open","template":"","meta":{"footnotes":""},"class_list":["post-2","page","type-page","status-publish","hentry"],"_links":{"self":[{"href":"https:\/\/petra-bartoli.de\/index.php\/wp-json\/wp\/v2\/pages\/2","targetHints":{"allow":["GET"]}}],"collection":[{"href":"https:\/\/petra-bartoli.de\/index.php\/wp-json\/wp\/v2\/pages"}],"about":[{"href":"https:\/\/petra-bartoli.de\/index.php\/wp-json\/wp\/v2\/types\/page"}],"author":[{"embeddable":true,"href":"https:\/\/petra-bartoli.de\/index.php\/wp-json\/wp\/v2\/users\/1"}],"replies":[{"embeddable":true,"href":"https:\/\/petra-bartoli.de\/index.php\/wp-json\/wp\/v2\/comments?post=2"}],"version-history":[{"count":61,"href":"https:\/\/petra-bartoli.de\/index.php\/wp-json\/wp\/v2\/pages\/2\/revisions"}],"predecessor-version":[{"id":1149,"href":"https:\/\/petra-bartoli.de\/index.php\/wp-json\/wp\/v2\/pages\/2\/revisions\/1149"}],"wp:attachment":[{"href":"https:\/\/petra-bartoli.de\/index.php\/wp-json\/wp\/v2\/media?parent=2"}],"curies":[{"name":"wp","href":"https:\/\/api.w.org\/{rel}","templated":true}]}}